Let c(j) = -49*j - 1. What is the units digit of c(-1)?
8
Let p = 4828 + -293. What is the units digit of p?
5
Let j(k) = -8*k - 20. Let v be j(-11). Let b = 191 - v. What is the units digit of b?
3
Let k(v) = 940*v**2 + 4*v - 2. What is the tens digit of k(1)?
4
Suppose 5*z - 7 - 3 = 2*v, 3*z - 2 = 2*v. Suppose -23 - 58 = -4*l - 5*j, -l + 9 = v*j. Let c = l - 18. What is the units digit of c?
6
Suppose -4*s = 15 + 1. What is the tens digit of ((2 - -4) + 0)/(s/(-22))?
3
Suppose -a = 10*a - 55. Suppose -8*r + 285 = -a*r. What is the tens digit of r?
9
Let s(a) = -3*a**3 + 2*a**2 - 3*a - 3. Let b(i) = 2*i + 18. Let g be b(-10). What is the units digit of s(g)?
5
Let v = 672 - 396. What is the units digit of v?
6
What is the thousands digit of (-190088)/(-42) - (-168)/1764?
4
Let h(u) = u**2 - 3*u + 4. Let g be h(3). Suppose -2*z = 2*l - 4, l - 6 = g*l. Let v(c) = 4*c - 4. What is the units digit of v(z)?
2
Let f = 11 - -5. What is the units digit of (-5 + f/4)*-11?
1
What is the units digit of 30/80 - 3425/(-40)?
6
Let z = -196 + 392. What is the hundreds digit of z?
1
Let c(q) = -2*q + 14. Let w be c(6). Suppose 5*p = -x + 573, w*p - 5*x = -p + 355. What is the units digit of p?
5
Let j(h) = 5*h + 1. Let c be j(-1). Let r be (c + -11)/(2/(-6)). Suppose -2*m - 3*m + r = 0. What is the units digit of m?
9
Let c = 1159 + 662. What is the thousands digit of c?
1
Let m = 2502 - 547. What is the thousands digit of m?
1
Let x be (3/(-6))/(7/(-322)). Suppose 2*d - x - 31 = 0. What is the units digit of d?
7
Suppose 4*n = 3*j - 1096, 2*n + 368 = -69*j + 70*j. What is the hundreds digit of j?
3
Let z be (-7)/(-2)*24/14. Let m(k) = 9*k + 8. What is the units digit of m(z)?
2
Let k be (2 + 1 + -2)*7. Let n(z) = 2*z**2 - 19*z + 10. Let q(g) = g**2 - 9*g + 5. Let j(p) = -2*n(p) + 5*q(p). What is the units digit of j(k)?
5
Let m = -46 + 48. Suppose 0 = 5*q - 25, -94 - 52 = -4*f + m*q. What is the units digit of f?
9
Suppose -a - 206 + 209 = 0. Let g(u) = u**3 - 6*u**2 + 4*u + 5. Let i be g(5). Suppose 2*h - 64 = a*o, -h + i*h = -3*o - 38. What is the units digit of h?
6
Let w(d) be the first derivative of -2*d**2 + 4*d + 2. Let u be w(2). Let a = u + 24. What is the tens digit of a?
2
Suppose -9*u + 10*u = -3. What is the hundreds digit of 136 - 0/(9/u)?
1
Let o(k) = 5*k**2 + 2*k + 2. Let b be ((-9)/(-3) + -1)/(-1). What is the units digit of o(b)?
8
Suppose -3 = 4*k - 31. Suppose 3*y + 24 = 3*x - 0*x, -4*x - y = -k. Suppose 6 = h - x. What is the units digit of h?
9
What is the hundreds digit of (-1 + 3548/8)/((-10)/(-20))?
8
Suppose -5*x + 60 = 25. Suppose -x*i + 1089 = 2*i. What is the hundreds digit of i?
1
Let g(h) = h**3 - 4*h**2 + 10*h - 2. Let r(d) = d**2 + d + 1. Let q be 6/15 + 12/(-5). Let b(x) = q*r(x) + g(x). What is the tens digit of b(5)?
1
Let x(p) = -422*p - 796. What is the tens digit of x(-6)?
3
Let f(z) = -2*z**3 - 4*z**2 - 2*z. Let k be f(-2). Suppose 20 = 2*s - 4*r, 0 = -2*s - r - k*r + 56. What is the units digit of s?
8
Suppose 0 = -2*i + 5*i - 6, -2*i + 902 = 2*l. What is the tens digit of l?
4
Let o = -15 + 22. Suppose -5*m + 0*m + 210 = 0. Let i = m + o. What is the units digit of i?
9
Suppose 0 = -12*y - 5518 + 27046. What is the units digit of y?
4
Let s(a) be the second derivative of a**4/12 + a**3 - a**2/2 + 5*a. What is the units digit of s(-8)?
5
Let l = 4961 - 1249. What is the tens digit of l?
1
What is the hundreds digit of (-185780)/(-105) + 5/3?
7
Suppose 222 = 6*v - 54. What is the units digit of v?
6
Suppose -160*s - 2*b = -161*s + 1288, 8 = -2*b. What is the tens digit of s?
8
Let j(f) be the third derivative of f**5/60 + f**4/12 - f**3 - f**2. Let z be j(-4). What is the tens digit of (110/(-5))/(1 - z)?
2
Suppose -777 = -c + 3*v, -1951 = -3*c + v + 372. What is the tens digit of c?
7
Let j(r) = r**2 - 5*r - 10. Let f be 12*-2*(-2)/(-12)*-2. What is the tens digit of j(f)?
1
Suppose 5120 = -2966*q + 2970*q. What is the thousands digit of q?
1
Suppose -5*t + 668 = 4*d - 259, -4*t + 928 = 4*d. What is the tens digit of d?
3
Let p be 3 + 2 - (2 + -2). Let g = p + -6. Let s(c) = 19*c**2 - 1. What is the tens digit of s(g)?
1
Let s(p) = 2*p**2 + 10*p - 7. Let d be s(-6). Suppose d*o + 15 = 0, 0 = -5*c + 3*o + 300 + 9. What is the units digit of c?
0
What is the tens digit of (77 - 161)/(2/(-7))?
9
Suppose -4*l + l + 12 = 0. Suppose -2*f + 2 = -l. What is the tens digit of -13*(-3 + f + -2)?
2
Let d(c) = -c**3 + c**2 + 4*c - 19. Let o(r) = -3*r**3 + 4*r**2 + 11*r - 56. Let t(q) = 17*d(q) - 6*o(q). What is the units digit of t(7)?
7
Let o = -15 + 33. Suppose x + 2*x = o. Suppose -x = -b + 11. What is the units digit of b?
7
Let g = -4 - 0. What is the tens digit of 23/92 - 39/g?
1
What is the units digit of (4/10)/(-2 - (-102603)/51290)?
2
Let j = 94 + -94. Suppose 3*a = -j*a + 6, -u + 4*a = -182. What is the tens digit of u?
9
Let p = -161 + 199. What is the units digit of p?
8
Let u = -332 + 476. Let q be -2 + 8 + -2 - 0. Suppose -5*s + q*h + 22 = -u, s - 42 = 3*h. What is the units digit of s?
0
Let x = 24 - 5. Let o = -17 + x. Suppose 4 + 20 = o*s. What is the tens digit of s?
1
Let l = -891 + 2996. What is the tens digit of l?
0
Let p(k) = 5*k + 6. Let z be p(5). Let w be (-9)/(-54) + 119/6. Suppose i = -2*g + w + z, 281 = 5*i - 3*g. What is the tens digit of i?
5
Let m(i) = 28*i + 43. What is the hundreds digit of m(13)?
4
Let h be (-3 + 2)*(-130 + -2). Suppose 3*d - s + 2*s = h, 0 = -s + 3. Suppose -o + 3 = -d. What is the tens digit of o?
4
Let d(z) = z + 6. Let v be d(-3). Suppose -5*r = -b + v*b - 77, -4*b + 167 = -3*r. Suppose 5*m - 7 = -4*j + b, 0 = 5*j + 3*m - 47. What is the units digit of j?
7
Let u = -591 + 595. Let q be (1 - 1)/(-1 - 1). Suppose u*z = 3*g - 8, q*z = -4*z - 5*g + 24. What is the units digit of z?
1
Let q(s) = s**3 + 2*s**2 - 2*s + 3. Let f be q(-3). Let g = -92 - -94. Suppose 5*v + f - 132 = -g*c, 127 = 5*v - 3*c. What is the units digit of v?
6
What is the hundreds digit of (-50)/(2 + 9/(-4))?
2
Suppose -5*a - 3*c + 4*c + 5 = 0, 0 = -3*a + 5*c + 25. Suppose 3*q + 0*z - 255 = 3*z, 2*z + 2 = a. What is the tens digit of q?
8
Let z = -47 - -188. What is the tens digit of z?
4
Suppose -5*h - 2108 = t - 5*t, 0 = 5*t + 3*h - 2598. What is the hundreds digit of t?
5
Suppose 0 = -3*t + 3 + 3. Suppose -t*w + 341 = 5*z, -z - 73 = -2*z + 2*w. What is the units digit of z?
9
What is the units digit of (16/(-40))/(3/(-2070))?
6
Let v(g) = 54*g**3 - g**2 + 2*g - 2. Let u be v(1). Let o = u - -25. What is the units digit of o?
8
Suppose -4*j = d - 284, -239 = -j + d - 173. What is the tens digit of j?
7
Suppose 0 = -2*s + 5*o + 598, s + 3*o - 8*o - 289 = 0. Let x = -193 + s. What is the hundreds digit of x?
1
Suppose 4*o + 12 = 20, 5*s - 12953 = o. What is the hundreds digit of s?
5
Suppose -4320 = 23*y - 37141. What is the hundreds digit of y?
4
Let r(m) = 4*m + 790. What is the hundreds digit of r(0)?
7
Let s = 13 + -2. Let h = s - -5. Suppose 49 + h = 5*o. What is the units digit of o?
3
Let x(n) = -n**3 + 5*n**2 + 5*n + 6. Let t be x(6). Let q be 3/(-6)*(0 + t). Suppose 2*c - 42 = -5*g, 3*g = -3*c - q*g + 54. What is the tens digit of c?
1
Suppose -4*h - 2136 = -4*i, i + i - 1043 = -3*h. What is the units digit of i?
9
Let n be 0/3 + (-2 - -1). Let g(b) = 122*b**2. What is the units digit of g(n)?
2
Let m be (-72)/16*(-4)/6. Let w be 3*(m - (-14)/6). What is the units digit of 380/w + 1/4?
4
Suppose 9*y + 6*y = -600. Let z = 335 + y. What is the hundreds digit of z?
2
Let b be (-15)/(-20)*8/3. Suppose -x + 5 = b*r - 0*x, x - 9 = -3*r. What is the units digit of 3/(r/(-40)*-2)?
5
Let v(l) = 3*l**2 + 22*l + 15. What is the units digit of v(-14)?
5
Let b be 3 + 5/5 - 3. Let v be -3 + b - 204/(-3). Suppose -5*k = -3*k - v. What is the units digit of k?
3
Let j = 2546 + -747. What is the hundreds digit of j?
7
Suppose 0*k - 5*k = 3*i - 14, 2*i - 5*k - 1 = 0. Suppose -3*r + 81 = r - 3*t, -5*t - 69 = -i*r. What is the units digit of r?
8
Suppose -10*r + 29 = -51. Suppose -r*p = -61 - 35. What is the tens digit of p?
1
Suppose 3*r = 4*u - 280, 2*r + 280 = -3*u + 7*u. Suppose 2*h - 22 = u. What is the units digit of h?
6
Let p(m) = m**3 + 3*m**2 - 6*m - 4. Let i = 28 + -24. Suppose 0 = -5*h + 6*h + i. Wha